Determine n(-5).
-86
Let y(z) = -z**2 - 17*z - 27. Determine y(-11).
39
Let u(v) = -v + 10. Give u(12).
-2
Let i(d) = -3*d**2 - 10*d - 2. Determine i(-5).
-27
Let j(n) = -3*n**2 - 43*n - 7. Calculate j(-14).
7
Let b(p) = p**3 - 13*p**2 + 2*p - 2. Give b(13).
24
Let y(k) = 3*k - 16. Calculate y(4).
-4
Let t(y) = -y**2 + 19*y - 36. Give t(16).
12
Let t(z) = -z**3 + 4*z**2 - 10*z + 8. Give t(5).
-67
Let p(u) = -18*u**2 + 2*u + 3. Determine p(2).
-65
Let c(y) = 2*y**2 - 23*y - 43. What is c(13)?
-4
Let c(x) = -2*x**2 - 7*x + 24. Calculate c(2).
2
Let d(t) = t**2 + 8*t + 4. What is d(-9)?
13
Let p(r) = -r**2 - 12*r - 13. What is p(-10)?
7
Let u(f) = 11*f + 1. Determine u(2).
23
Let u(t) = -t**3 - 10*t**2 - 16*t - 20. Calculate u(-7).
-55
Let j(p) = -15*p - 10. Determine j(7).
-115
Let f(j) = -4*j - 5. Give f(23).
-97
Let t(g) = 2*g**3 + 98*g**2 + g + 55. Determine t(-49).
6
Let n(g) = -g**3 + 10*g**2 - 13*g + 8. Determine n(8).
32
Let u(y) = -y**2 - 10*y + 23. Determine u(-12).
-1
Let p(d) = d**2 + 10*d - 9. What is p(-10)?
-9
Let p(u) = 3*u + 15. Give p(-7).
-6
Let s(g) = -g**2 + 19*g - 32. Give s(18).
-14
Let p(t) = -2*t - 19. What is p(9)?
-37
Let s(k) = -107*k - 3. What is s(1)?
-110
Let g(k) = 10*k - 117. Calculate g(13).
13
Let y(w) = 3*w - 146. Calculate y(39).
-29
Let q(k) = -3*k + 1. Give q(2).
-5
Let i(w) = w**2 + 6*w + 1. Calculate i(-4).
-7
Let t(h) = -2*h**3 + 4*h**2 + h - 1. Determine t(3).
-16
Let h(l) = 4*l + 172. What is h(-42)?
4
Let h(z) = 6*z + 30. Calculate h(-6).
-6
Let b(x) = x**2 - 5*x + 3. What is b(4)?
-1
Let i(d) = -d**2 + 18*d - 64. Give i(12).
8
Let s(o) = -4*o**2 - 6*o + 6. Determine s(3).
-48
Let u(c) = -2*c - 8. Give u(-5).
2
Let h(o) = -o**3 - 5*o**2 + o + 1. Determine h(-4).
-19
Let r(a) = -a**3 + 10*a**2 - 11*a - 9. Give r(9).
-27
Let m(u) = -2*u**2 + 27*u - 31. What is m(15)?
-76
Let t(a) = -19*a - 16. Determine t(-2).
22
Let g(t) = -t**2 + t + 23. Give g(0).
23
Let w(y) = -4*y**2 + 146*y + 70. Give w(37).
-4
Let u(i) = -18*i**2 - 88*i + 6. What is u(-5)?
-4
Let f(z) = z**3 - 2*z**2 - 7*z + 5. Calculate f(4).
9
Let r(x) = -x**2 + 9*x + 33. What is r(0)?
33
Let i(l) = l**2 - 7*l - 30. Give i(11).
14
Let u(a) = -a**2 - 37*a - 129. What is u(-5)?
31
Let l(w) = -w**2 + 10*w + 163. What is l(19)?
-8
Let n(w) = w**2 - 10*w + 1. What is n(7)?
-20
Let j(x) = -x**2 + 2*x + 8. Determine j(0).
8
Let c(l) = -l**3 - 7*l**2 - 2*l + 2. Give c(-7).
16
Let k(g) = 5*g**2 - 2*g + 2. Determine k(1).
5
Let o(m) = m + 9. Calculate o(-19).
-10
Let o(i) = -i**2 + 7*i + 10. Give o(12).
-50
Let b(o) = o**3 - 33*o**2 - 9. Determine b(33).
-9
Let m(n) = -2*n - 15. Determine m(-6).
-3
Let i(y) = y**2 + 3*y - 7. Calculate i(-4).
-3
Let o(q) = -q**3 + 2*q**2 + 10*q - 16. Give o(4).
-8
Let w(f) = -f**2 + f - 1. Calculate w(-3).
-13
Let g(w) = -w**2 + 19*w + 10. What is g(14)?
80
Let l(i) = -i**3 + 39*i**2 + 4*i - 144. Calculate l(39).
12
Let i(v) = -v**3 + 4*v**2 + 7*v + 6. Determine i(5).
16
Let a(h) = -h**3 - h**2 + 11*h + 4. Give a(3).
1
Let k(l) = -4*l - 7. Determine k(6).
-31
Let m(p) = p**2 - 19*p + 61. Calculate m(14).
-9
Let z(d) = -d**3 + 9*d**2 - 2*d - 1. Determine z(9).
-19
Let w(t) = -t**3 - 7*t**2 - 11*t - 5. What is w(-5)?
0
Let l(g) = g**2 - g + 25. Give l(0).
25
Let h(m) = -m**3 - 6*m**2 + m + 7. Determine h(-5).
-23
Let i(t) = -3*t + 52. Determine i(16).
4
Let c(y) = -y**3 - 5*y**2 - 6*y - 10. What is c(-3)?
-10
Let h(n) = -n**2 - 37*n - 198. Give h(-7).
12
Let q(w) = w**3 - 7*w**2 + 7*w - 12. Give q(6).
-6
Let r(b) = -10*b - 9. Give r(-1).
1
Let t(i) = -3*i**2 - 22*i - 7. Calculate t(-7).
0
Let u(v) = -20*v + 157. Calculate u(8).
-3
Let j(w) = w**2 + 4*w + 3. Calculate j(-1).
0
Let d(z) = 31*z - 207. What is d(7)?
10
Let v(z) = 2*z**2 - 6*z - 4. Give v(3).
-4
Let y(u) = -10*u + 32. What is y(16)?
-128
Let a(r) = -69*r + 58. Determine a(1).
-11
Let q(t) = -t**3 - 6*t**2 - 4*t + 4. What is q(-5)?
-1
Let n(j) = 2*j - 85. Give n(42).
-1
Let z(r) = 31*r + 7. What is z(-2)?
-55
Let x(h) = h**2 + 24*h + 23. Determine x(-17).
-96
Let w(z) = -z**2 + 11*z + 6. Give w(9).
24
Let a(c) = 3*c**2 - 99*c + 95. Give a(32).
-1
Let x(l) = 3*l. What is x(4)?
12
Let y(t) = t**3 - 4*t**2 - 7*t + 24. Give y(3).
-6
Let x(y) = y - 20. Calculate x(22).
2
Let i(a) = 3*a**2 - 19*a - 22. Determine i(9).
50
Let c(s) = -2*s**3 - 39*s**2 + 18*s - 19. Determine c(-20).
21
Let s(t) = -3*t - 5. Determine s(4).
-17
Let n(f) = 3*f - 23. Determine n(6).
-5
Let i(k) = -2*k + 63. Give i(24).
15
Let j(t) = -3*t + 18. Calculate j(8).
-6
Let m(o) = -o**3 - 14*o**2 + o + 11. Calculate m(-14).
-3
Let g(o) = o**3 + 7*o**2 + 4*o + 2. Determine g(-3).
26
Let u(d) = -d**2 + d + 4. Determine u(-2).
-2
Let q(t) = t**3 - 11*t**2 - 2*t + 24. Give q(11).
2
Let s(u) = -2*u**2 + 6*u + 1. Determine s(4).
-7
Let v(r) = -r**3 + 9*r**2. Give v(9).
0
Let d(n) = -n**3 + 29*n**2 - 118*n - 45. Calculate d(24).
3
Let p(i) = -2*i**2 + 43*i + 68. Determine p(23).
-1
Let v(k) = -k**3 + k**2 + 2*k + 25. Give v(0).
25
Let c(k) = k**2 - 21*k - 4. Give c(21).
-4
Let a(w) = w**3 + 3*w**2 - 2*w - 7. Calculate a(-3).
-1
Let k(a) = -2*a**2 + 19*a + 131. Determine k(14).
5
Let w(m) = m**2 + 11*m + 16. What is w(-9)?
-2
Let y(l) = -l + 2. Calculate y(3).
-1
Let j(x) = -10*x + 92. Determine j(9).
2
Let y(m) = m - 1. Calculate y(-1).
-2
Let i(r) = -r**3 - 2*r**2 + 2*r + 2. Determine i(-3).
5
Let w(y) = -15*y + 24. Determine w(3).
-21
Let b(a) = -2*a - 18. Determine b(-14).
10
Let a(o) = 2*o**3 + 26*o**2 - 29*o - 20. Determine a(-14).
-6
Let f(u) = u**2 + 25*u + 126. Determine f(-16).
-18
Let o(v) = -2*v + 32. Give o(13).
6
Let b(a) = a**2 + 8*a - 10. Give b(-11).
23
Let d(s) = -s**3 - 15*s**2 + 5. Calculate d(-15).
5
Let r(n) = -4*n + 1. Calculate r(7).
-27
Let l(w) = w**3 + 31*w**2 + 34*w + 115. Determine l(-30).
-5
Let b(j) = -8*j + 71. Give b(5).
31
Let n(b) = b**3 - 8*b**2 + b - 5. Determine n(8).
3
Let d(w) = w**3 - 34*w**2 + 68*w - 113. Give d(32).
15
Let z(n) = n**3 - 7*n**2 + 5*n + 7. What is z(8)?
111
Let f(s) = 5*s**2 + 17*s + 11. Give f(-3).
5
Let o(i) = 9*i. Determine o(-2).
-18
Let h(c) = -3*c - 21. Calculate h(-9).
6
Let c(o) = -4*o - 107. Calculate c(-28).
5
Let u(d) = d**3 + 13*d**2 - 17*d - 16. What is u(-14)?
26
Let f(o) = o**3 + 7*o**2 - 8*o + 7. Determine f(-8).
7
Let a(k) = -k**2 - 8*k - 6. Calculate a(3).
-39
Let f(q) = q**3 - 8*q**2 + 9*q + 9. What is f(7)?
23
Let m(u) = u**3 - 8*u**2 - 9*u + 2. Calculate m(9).
2
Let n(z) = -175*z. Calculate n(0).
0
Let u(b) = -5*b**3 + b - 3. Calculate u(-2).
35
Let g(w) = 7*w**2 + 24*w - 5. What is g(-4)?
11
Let y(p) = 4*p - 15. Give y(-14).
-71
Let t(i) = 2*i**3 + 22*i**2 + i + 4. Calculate t(-11).
-7
Let c(b) = -72*b + 3. Determine c(-1).
75
Let l(c) = c**2 + c - 38. Determine l(6).
4
Let z(l) = l**3 - 6*l**2 - 13*l - 19. Give z(8).
5
Let j(v) = -v**2 - 6*v + 64. Calculate j(-14).
-48
Let d(z) = -155*z - 153. Give d(-1).
2
Let x(n) = 66*n + 339. Determine x(-5).
9
Let o(p) = 2*p**2 - 5. Give o(-4).
27
Let v(f) = 4*f - 110. Determine v(27).
-2
Let i(u) = -u**2 + 20*u + 42. What is i(21)?
21
Let d(a) = a**3 + 13*a**2 - 30*a - 2. Give d(-15).
-2
Let g(x) = 2*x**2 + 3*x - 1. Determine g(-5).
34
Let y(n) = -n**2 - 9*n + 84. What is y(-15)?
-6
Let z(o) = 7*o**2 - o. Give z(1).
6
Let k(q) = -15*q - 9. Determine k(4).
-69
Let k(m) = 2*m + 2. Calculate k(-1).
0
Let b(n) = -n**3 + 4*n**2 - 5*n + 1. Determine b(2).
-1
Let z(i) = i**2 - 14*i - 37. What is z(-3)?
14
Let a(h) = -3*h**2 - 58*h - 14. What is a(-19)?
5
Let r(a) = a**3 - 7*a**2 - 18*a - 1. Determine r(9).
-1
Let z(c) = -c**3 - 6*c**2 - 4*c + 2. Calculate z(-4).
-14
Let v(w) = 13*w + 49. Give v(-3).
10
Let o(a) = -23*a + 158. Calculate o(7).
-3
Let k(b) = b**3 - b - 1. Determine k(-2).
-7
Let a(o) = -6*o + 32. Give a(-5).
62
Let k(h) = -5*h + 14. Determine k(2).
4
Let q(o) = -2*o**2 - 2*o + 23. Give q(0).
23
Let j(f) = -f**2 + 24*f - 20. Determine j(23).
3
Let z(o) = o**3 + 10*o**2 + 2*o + 19. Determine z(-10).
-1
Let c(z) = z**3 + 23*z**2 + 22*z + 2. Calculate c(-22).
2
Let y(n) = -n**3 + 13*n**2 + 11*n + 15. Determine y(14).
-27
Let m(n) = -n - 14. What is m(-3)?
-11
Let y(a) = -a**2 + 89*a - 176. Give y(2).
-2
Let b(y) = y**3 + 24*y**2 + 2*y + 33. Give b(-24).
-15
Let p(s) = -s**2 - 14*s -